{"id":202,"date":"2011-11-10T06:57:26","date_gmt":"2011-11-10T06:57:26","guid":{"rendered":"http:\/\/www.vfb-bad-lauchstaedt.de\/?page_id=202"},"modified":"2018-06-01T11:04:17","modified_gmt":"2018-06-01T11:04:17","slug":"geschichte","status":"publish","type":"page","link":"https:\/\/www.vfb-bad-lauchstaedt.de\/?page_id=202","title":{"rendered":"Geschichte"},"content":{"rendered":"<h1 style=\"text-align: center;\"><strong><em>VfB Bad Lauchst\u00e4dt e. V.<\/em><\/strong><\/h1>\n<p style=\"text-align: center;\"><strong><em>&#8211; M\u00e4nner- Turnverein &#8211;<\/em><\/strong><\/p>\n<p style=\"text-align: center;\"><strong><em>Gr\u00fcndung am 27. August 1863 mit einer Mitgliederzahl von 100.<br \/>\nAm 9. September 1888 feierte der Verein sein 25-j\u00e4hriges Jubil\u00e4um<br \/>\nund am 31. August 1913 sein 50-j\u00e4hriges Bestehen.<\/em><\/strong><\/p>\n<p>&nbsp;<\/p>\n<p style=\"text-align: center;\"><strong><em>&#8211; Turnverein Dr. Lauterbach &#8211;<br \/>\n&#8211; der am 14. Oktober 1912 von dem zahlreichen Personal des Lauchst\u00e4dter&#8217;Heilbrunnen,<br \/>\nzur Pflege des deutschen Turnens, ins Leben gerufen wurde.<br \/>\nDen Ehrenvorsitz \u00fcbernahm Herr Dr. Lauterbach.<br \/>\nAm 04.05.1913 erfolgte <\/em><\/strong><strong><em>die Weihe der neuen Vereinsfahe.<br \/>\nZum damaligen Ehrenmitglied wurde Turnbruder Gustav L\u00f6schner ernannt.<\/em><\/strong><\/p>\n<p>&nbsp;<\/p>\n<p style=\"text-align: center;\"><strong><em>&#8211; Jahnscher Turnverein &#8211;<\/em><\/strong><\/p>\n<p style=\"text-align: center;\"><strong><em>Gr\u00fcndung am 28. M\u00e4rz 1895 durch den damaligen Ehrenvorsitzenden August R\u00fchlemann.<\/em><\/strong><\/p>\n<p style=\"text-align: center;\"><strong><em>Am 27. Mai 1897 erfolgte durch den Bauvertreter Bethmann die Fahnenweihe.<\/em><\/strong><\/p>\n<p style=\"text-align: center;\"><strong><em>Am 28. M\u00e4rz 1805 fand das 10-j\u00e4hrige und am 28. M\u00e4rz 1820 das 25-j\u00e4hrige Stiftungsfest statt.<\/em><\/strong><\/p>\n<p>&nbsp;<\/p>\n<p style=\"text-align: center;\"><strong><em>&#8211; Der Verein f\u00fcr Ballspiele &#8211;<br \/>\n<\/em><\/strong><\/p>\n<p style=\"text-align: center;\"><strong><em>In den Nachkriegsjahren entstand eine Spielabteilung des Jahnsehen Turnvereins,<br \/>\naus der 1920 der Verein f\u00fcr Ballspiele <\/em><\/strong><strong><em>hervorging.<br \/>\nNach zwei Jahren besch\u00e4ftigte der Verein 3 Herren-, 2 Jugend- und eine Knabenmannschaft.<\/em><\/strong><\/p>\n<p style=\"text-align: center;\"><strong><em>Inflation und schlechte Zugverbindungen waren die Hauptfaktoren,<br \/>\nweshalb der Spielbetrieb eine Zeit lang v\u00f6llig ruhte. <\/em><\/strong><br \/>\n<strong><em> Im Fr\u00fchjahr 1925 wurde die Spielt\u00e4tigkeit wieder aufgenommen.<br \/>\nDie Weiterbenutzung des Platzes in Schotterey wurde untersagt,<br \/>\nund so siedelte der Verein im Jahre 1926 nach dem neuen,<br \/>\nvon Herrn Dr. Lauterbach dem Verein zur Verf\u00fcgung gestellten Gel\u00e4nde, \u00fcber. <\/em><\/strong><br \/>\n<strong><em> Durch die finanzielle Unterst\u00fctzung des Herrn Dr. Theilemamn<br \/>\nwurde der Bau eines Vereinsheimes erm\u00f6glicht. <\/em><\/strong><br \/>\n<strong><em> Zu dieser Zeit besch\u00e4ftigte der vorw\u00e4rtsstrebende Verein 2 Fu\u00dfballmannschaften<br \/>\nund je eine Herren-, Damen-, Jugend- und Knabenhandballmannschaft.<\/em><\/strong><\/p>\n<p style=\"text-align: center;\"><strong><em>Im vorhergehenden Jahr sind hier zwei Arbeiter-, Turn- und Sportvereine gegr\u00fcndet worden.<\/em><\/strong><\/p>\n<p style=\"text-align: center;\"><strong><em>In Bad Lauchst\u00e4dt entstanden in den 20er-Jahren auch zwei Arbeitervereine,<br \/>\nwelche jedoch 1933 wieder aufgel\u00f6st werden mussten.<br \/>\nBis zum Kriegsende gab es dann noch den Verein f\u00fcr Ballspiele &#8222;VfB&#8220; und den M\u00e4nnerverein &#8222;MTV&#8220;.<\/em><\/strong><\/p>\n<p style=\"text-align: center;\"><strong><em>1945 wurden beide Vereine zur Turn- und Sportgemeinschaft &#8211; TSG Bad Lauchst\u00e4dt &#8211; vereinigt.<\/em><\/strong><\/p>\n<p style=\"text-align: center;\"><strong><em>Leiter war Oskar K\u00fchne mit den Sektionen: Handball, Fu\u00dfball, Leichtathletik<\/em><\/strong><\/p>\n<p style=\"text-align: center;\"><strong><em>Im Oktober 1948 wurde der Verein f\u00fcr Ballspiele in die BSG Chemie Buna umbenannt,<br \/>\ndessen erfolgreiche Entwicklung <\/em><\/strong><br \/>\n<strong><em> untrennbar mit dem Namen und der jahrelangen Arbeit von Thomas Sch\u00f6nburg verbunden war. <\/em><\/strong><br \/>\n<strong><em> Der sportliche H\u00f6hepunkt war die Teilnahme einer Jugendmannschaft im Handball<br \/>\nan der Endrunde zur DDR-Meisterschaft.<\/em><\/strong><\/p>\n<p style=\"text-align: center;\"><a href=\"https:\/\/www.vfb-bad-lauchstaedt.de\/wp-content\/uploads\/2011\/11\/BSG_Chemie_Bad_Lauchstaedt.jpg\"><img loading=\"lazy\" decoding=\"async\" class=\"aligncenter size-full wp-image-343\" title=\"BSG_Chemie_Bad_Lauchstaedt\" src=\"https:\/\/www.vfb-bad-lauchstaedt.de\/wp-content\/uploads\/2011\/11\/BSG_Chemie_Bad_Lauchstaedt.jpg\" alt=\"\" width=\"292\" height=\"332\" srcset=\"https:\/\/www.vfb-bad-lauchstaedt.de\/wp-content\/uploads\/2011\/11\/BSG_Chemie_Bad_Lauchstaedt.jpg 710w, https:\/\/www.vfb-bad-lauchstaedt.de\/wp-content\/uploads\/2011\/11\/BSG_Chemie_Bad_Lauchstaedt-264x300.jpg 264w\" sizes=\"auto, (max-width: 292px) 100vw, 292px\" \/><\/a><\/p>\n<p style=\"text-align: center;\"><strong><em>1955 wurden eine Kegelhalle sowie Umkleidekabinen f\u00fcr die Rasenspieler erbaut.<br \/>\nIm gleichen Jahr wurden der Lokschuppen am Bahnhof zu einer Turnhalle ausgebaut<br \/>\nund ein Hartplatz als \u00dcbungsst\u00e4tte f\u00fcr Rasenspieler angelegt. <\/em><\/strong><br \/>\n<strong><em> Ebenso erfolgte der Bau einer Sportplatzbeleuchtung.<br \/>\nDes Weiteren konnten in diesem Jahr auch die Sportler gro\u00dfe Erfolge erzielen.<\/em><\/strong><\/p>\n<p style=\"text-align: center;\"><strong><em>Fu\u00dfball &#8211; Kreisklasse<\/em><\/strong><br \/>\n<strong><em> Handball &#8211; Bezirksliga &amp; DS-Liga<\/em><\/strong><br \/>\n<strong><em> Kegeln &#8211; Bezirksklasse<\/em><\/strong><br \/>\n<strong><em> Tischtennis &#8211; Bezirksklasse<\/em><\/strong><br \/>\n<strong><em> Schach &#8211; Bezirksklasse<\/em><\/strong><\/p>\n<p style=\"text-align: center;\"><strong><em>Turnen &#8211; Bezirksklasse<\/em><\/strong><\/p>\n<p style=\"text-align: center;\"><strong><em>Im Jahr 1991 wurde die BSG Chemie Bad Lauchst\u00e4dt in VfB Bad Lauchst\u00e4dt umbenannt.<\/em><\/strong><\/p>\n<p style=\"text-align: center;\"><strong><em> . Vorsitzender: Detlev Kopf<\/em><\/strong><\/p>\n<p style=\"text-align: center;\"><strong><em> Stellv. Vorsitzender: Klaus-J\u00fcrgen Sch\u00f6nburg<\/em><\/strong><\/p>\n<p style=\"text-align: center;\"><strong><em> Kassenwart: Wolfgang Niebergall<\/em><\/strong><\/p>\n<p style=\"text-align: center;\"><strong><em> Schriftf\u00fchrer: R\u00fcdiger Schm\u00e4dicke<\/em><\/strong><\/p>\n<p style=\"text-align: center;\"><strong><em>Der VfB Bad Lauchst\u00e4dt bestand zu dieser Zeit aus 2 Abteilungen, Abt. Fu\u00dfball und Abt. Handball.<\/em><\/strong><\/p>\n<p style=\"text-align: center;\"><strong><em>Im Jahr 1995 hatten wir unser 100-j\u00e4hriges Bestehen. Aus diesem Anlass wurde dem VfB die Ehrenplakette des <\/em><\/strong><br \/>\n<strong><em> Bundespr\u00e4sidenten des Landessportbundes verliehen.<\/em><\/strong><\/p>\n<p style=\"text-align: center;\"><strong><em>Klaus Dieter Malzahn \u00fcberreichte dem Sportverein einen 1000 DM Scheck f\u00fcr die weitere Vereinsarbeit. <\/em><\/strong><br \/>\n<strong><em> Mit jeweils der gleichen Summe verbanden die Kreisverwaltung Merseburg\/Querfurt und die Stadtverwaltung ihre Gl\u00fcckw\u00fcnsche.<\/em><\/strong><\/p>\n<p style=\"text-align: center;\"><strong><em>Mit der Silbernen Ehrennadel des Sportbundes wurden die VfB &#8211; Mitglieder Detlev Kopf,<br \/>\nKlaus-J\u00fcrqen Sch\u00f6nburg, Wolfgang Niebergall und Johannes Mikolay ausgezeichnet.<\/em><\/strong><\/p>\n<p style=\"text-align: center;\"><strong><em>Im November 1997 lud der Ministerpr\u00e4sident Reinhard H\u00f6ppner 200 \u00dcbungsleiter<br \/>\nund Trainer zu einem Empfang nach Magdeburg ein.<br \/>\nDarunter auch 11 verdienstvolle \u00dcbungsleiter aus dem Kreis Merseburg\/Querfurt.<br \/>\nAus unserem Verein erhielt Klaus-J\u00fcrgen Sch\u00f6nburg diese Einladung.<\/em><\/strong><\/p>\n<p style=\"text-align: center;\"><strong><em>Im Jahr 2000 feierte der VfB 105 Jahre. Neben vielen sportlichen H\u00f6hepunkten<br \/>\nan diesem Wochenende erhielten Mitglieder der Abteilungen Fu\u00dfball<br \/>\nund Handball Auszeichnungen f\u00fcr ihre ehrenamtlichen T\u00e4tigkeiten im Verein. <\/em><\/strong><br \/>\n<strong><em> 2006 l\u00f6ste sich die Abteilung Fu\u00dfball auf, eine neue Abteilung<br \/>\nMutter-Kind-Sport wurde 2008 gegr\u00fcndet.<\/em><\/strong><\/p>\n<p style=\"text-align: center;\"><strong><em>Des Weiteren kann man sich in den Sportarten Handball, Volleyball, Gymnastik,<br \/>\nBadminton und Schach bet\u00e4tigen.<\/em><\/strong><\/p>\n<p style=\"text-align: center;\"><strong><em>Besonders in den Abteilungen Handball und Volleyball sind in den letzten Jahren<br \/>\nviele Erfolge zu verzeichnen.<\/em><\/strong><\/p>\n<p style=\"text-align: center;\"><strong><em>Die Handballer spielten \u00fcber Jahre mit den M\u00e4nnern in der Verbandsliga-S\u00fcd<br \/>\nund waren im Nachwuchsbereich mehrfach <\/em><\/strong><strong><em>Unions- und Bezirksmeister.<\/em><\/strong><\/p>\n<p style=\"text-align: center;\"><strong><em>Dreimal erreichten Nachwuchs-Teams die Teilnahme an Landesmeisterschaften.<\/em><\/strong><\/p>\n<p style=\"text-align: center;\"><strong><em>Zuletzt belegte 2009 eine weibliche Jugend E den 5. Platz bei der Landesmeisterschaft.<\/em><\/strong><\/p>\n<p style=\"text-align: center;\"><strong><em>Unser Verein feierte vom 4. bis 6. Juni 2010 sein 115-j\u00e4hriges Bestehen.<br \/>\nAn diesem Wochenende fand ein gro\u00dfes <\/em><\/strong><strong><em>Sommerturnier in den Sportarten Handball<br \/>\nund Volleyball statt. Au\u00dferdem gab es Spiele f\u00fcr Freizeitmannschaften,<br \/>\nGro\u00dffeldhandball, Kleinfeldturniere f\u00fcr Kinder- und M\u00e4nnermannschaften.<\/em><\/strong><\/p>\n","protected":false},"excerpt":{"rendered":"<p>VfB Bad Lauchst\u00e4dt e. V. &#8211; M\u00e4nner- Turnverein &#8211; Gr\u00fcndung am 27. August 1863 mit einer Mitgliederzahl von 100. Am 9. September 1888 feierte der Verein sein 25-j\u00e4hriges Jubil\u00e4um und am 31. August 1913 sein 50-j\u00e4hriges Bestehen. &nbsp; &#8211; Turnverein Dr. Lauterbach &#8211; &#8211; der am 14. Oktober 1912 von dem zahlreichen Personal des Lauchst\u00e4dter&#8217;Heilbrunnen, [&hellip;]<\/p>\n","protected":false},"author":2,"featured_media":0,"parent":5733,"menu_order":1,"comment_status":"closed","ping_status":"closed","template":"","meta":{"footnotes":""},"class_list":["post-202","page","type-page","status-publish","hentry"],"_links":{"self":[{"href":"https:\/\/www.vfb-bad-lauchstaedt.de\/index.php?rest_route=\/wp\/v2\/pages\/202","targetHints":{"allow":["GET"]}}],"collection":[{"href":"https:\/\/www.vfb-bad-lauchstaedt.de\/index.php?rest_route=\/wp\/v2\/pages"}],"about":[{"href":"https:\/\/www.vfb-bad-lauchstaedt.de\/index.php?rest_route=\/wp\/v2\/types\/page"}],"author":[{"embeddable":true,"href":"https:\/\/www.vfb-bad-lauchstaedt.de\/index.php?rest_route=\/wp\/v2\/users\/2"}],"replies":[{"embeddable":true,"href":"https:\/\/www.vfb-bad-lauchstaedt.de\/index.php?rest_route=%2Fwp%2Fv2%2Fcomments&post=202"}],"version-history":[{"count":9,"href":"https:\/\/www.vfb-bad-lauchstaedt.de\/index.php?rest_route=\/wp\/v2\/pages\/202\/revisions"}],"predecessor-version":[{"id":5718,"href":"https:\/\/www.vfb-bad-lauchstaedt.de\/index.php?rest_route=\/wp\/v2\/pages\/202\/revisions\/5718"}],"up":[{"embeddable":true,"href":"https:\/\/www.vfb-bad-lauchstaedt.de\/index.php?rest_route=\/wp\/v2\/pages\/5733"}],"wp:attachment":[{"href":"https:\/\/www.vfb-bad-lauchstaedt.de\/index.php?rest_route=%2Fwp%2Fv2%2Fmedia&parent=202"}],"curies":[{"name":"wp","href":"https:\/\/api.w.org\/{rel}","templated":true}]}}